{"id":208,"date":"2020-12-22T11:55:13","date_gmt":"2020-12-22T11:55:13","guid":{"rendered":"https:\/\/opdrasifselimoglu.com\/?page_id=208"},"modified":"2021-02-17T10:16:55","modified_gmt":"2021-02-17T10:16:55","slug":"blefaroplasti","status":"publish","type":"page","link":"https:\/\/opdrasifselimoglu.com\/index.php\/blefaroplasti\/","title":{"rendered":"Blefaroplasti"},"content":{"rendered":"<p>G\u00f6z kapa\u011f\u0131 esteti\u011fi ya da blefaroplasti, alt ve \u00fcst g\u00f6z kapaklar\u0131na uygulanan, sarkm\u0131\u015f deri ve fazla kas dokusunun \u00e7\u0131kar\u0131lmas\u0131 ve g\u00f6z \u00e7evresi dokular\u0131n\u0131n gerdirilmesine y\u00f6nelik plastik cerrahi uzman\u0131 taraf\u0131ndan yap\u0131lan cerrahi uygulamalar b\u00fct\u00fcn\u00fcd\u00fcr.<br \/>\nYa\u015f\u0131n ilerlemesi ile birlikte yer \u00e7ekiminin de etkisiyle do\u011fal olarak ciltte sarkmalar meydana gelmektedir. Bu s\u00fcrece paralel olarak g\u00f6z kapaklar\u0131nda da torbalanma, ciltte bolla\u015fma, renk de\u011fi\u015fikli\u011fi, gev\u015feme, k\u0131r\u0131\u015f\u0131kl\u0131k gibi bulgular ortaya \u00e7\u0131kar. G\u00fcne\u015f \u0131\u015f\u0131nlar\u0131na maruz kalma, hava kirlili\u011fi, d\u00fczensiz uyku, a\u015f\u0131r\u0131 sigara ve alkol kullan\u0131m\u0131 gibi etkenler cildin ya\u015flanma s\u00fcrecini h\u0131zland\u0131rmaktad\u0131r.<\/p>\n","protected":false},"excerpt":{"rendered":"<p>G\u00f6z kapa\u011f\u0131 esteti\u011fi ya da blefaroplasti, alt ve \u00fcst g\u00f6z kapaklar\u0131na uygulanan, sarkm\u0131\u015f deri ve fazla kas dokusunun \u00e7\u0131kar\u0131lmas\u0131 ve g\u00f6z \u00e7evresi dokular\u0131n\u0131n gerdirilmesine y\u00f6nelik plastik cerrahi uzman\u0131 taraf\u0131ndan yap\u0131lan cerrahi uygulamalar b\u00fct\u00fcn\u00fcd\u00fcr. Ya\u015f\u0131n ilerlemesi ile birlikte yer \u00e7ekiminin de <a href=\"https:\/\/opdrasifselimoglu.com\/index.php\/blefaroplasti\/\" class=\"read-more\">Read More &#8230;<\/a><\/p>\n","protected":false},"author":1,"featured_media":0,"parent":0,"menu_order":0,"comment_status":"closed","ping_status":"closed","template":"","meta":{"_joinchat":[],"footnotes":""},"class_list":["post-208","page","type-page","status-publish","hentry"],"yoast_head":"<!-- This site is optimized with the Yoast SEO plugin v25.3 - https:\/\/yoast.com\/wordpress\/plugins\/seo\/ -->\n<title>Blefaroplasti - Op. Dr. AS\u0130F SEL\u0130MO\u011eLU<\/title>\n<meta name=\"robots\" content=\"index, follow, max-snippet:-1, max-image-preview:large, max-video-preview:-1\" \/>\n<link rel=\"canonical\" href=\"https:\/\/opdrasifselimoglu.com\/index.php\/blefaroplasti\/\" \/>\n<meta property=\"og:locale\" content=\"tr_TR\" \/>\n<meta property=\"og:type\" content=\"article\" \/>\n<meta property=\"og:title\" content=\"Blefaroplasti - Op. Dr. AS\u0130F SEL\u0130MO\u011eLU\" \/>\n<meta property=\"og:description\" content=\"G\u00f6z kapa\u011f\u0131 esteti\u011fi ya da blefaroplasti, alt ve \u00fcst g\u00f6z kapaklar\u0131na uygulanan, sarkm\u0131\u015f deri ve fazla kas dokusunun \u00e7\u0131kar\u0131lmas\u0131 ve g\u00f6z \u00e7evresi dokular\u0131n\u0131n gerdirilmesine y\u00f6nelik plastik cerrahi uzman\u0131 taraf\u0131ndan yap\u0131lan cerrahi uygulamalar b\u00fct\u00fcn\u00fcd\u00fcr. Ya\u015f\u0131n ilerlemesi ile birlikte yer \u00e7ekiminin de Read More ...\" \/>\n<meta property=\"og:url\" content=\"https:\/\/opdrasifselimoglu.com\/index.php\/blefaroplasti\/\" \/>\n<meta property=\"og:site_name\" content=\"Op. Dr. AS\u0130F SEL\u0130MO\u011eLU\" \/>\n<meta property=\"article:publisher\" content=\"https:\/\/www.facebook.com\/drasifselimoglu\/\" \/>\n<meta property=\"article:modified_time\" content=\"2021-02-17T10:16:55+00:00\" \/>\n<meta name=\"twitter:card\" content=\"summary_large_image\" \/>\n<meta name=\"twitter:label1\" content=\"Tahmini okuma s\u00fcresi\" \/>\n\t<meta name=\"twitter:data1\" content=\"1 dakika\" \/>\n<script type=\"application\/ld+json\" class=\"yoast-schema-graph\">{\"@context\":\"https:\/\/schema.org\",\"@graph\":[{\"@type\":\"WebPage\",\"@id\":\"https:\/\/opdrasifselimoglu.com\/index.php\/blefaroplasti\/\",\"url\":\"https:\/\/opdrasifselimoglu.com\/index.php\/blefaroplasti\/\",\"name\":\"Blefaroplasti - Op. Dr. AS\u0130F SEL\u0130MO\u011eLU\",\"isPartOf\":{\"@id\":\"https:\/\/opdrasifselimoglu.com\/#website\"},\"datePublished\":\"2020-12-22T11:55:13+00:00\",\"dateModified\":\"2021-02-17T10:16:55+00:00\",\"breadcrumb\":{\"@id\":\"https:\/\/opdrasifselimoglu.com\/index.php\/blefaroplasti\/#breadcrumb\"},\"inLanguage\":\"tr\",\"potentialAction\":[{\"@type\":\"ReadAction\",\"target\":[\"https:\/\/opdrasifselimoglu.com\/index.php\/blefaroplasti\/\"]}]},{\"@type\":\"BreadcrumbList\",\"@id\":\"https:\/\/opdrasifselimoglu.com\/index.php\/blefaroplasti\/#breadcrumb\",\"itemListElement\":[{\"@type\":\"ListItem\",\"position\":1,\"name\":\"Home\",\"item\":\"https:\/\/opdrasifselimoglu.com\/\"},{\"@type\":\"ListItem\",\"position\":2,\"name\":\"Blefaroplasti\"}]},{\"@type\":\"WebSite\",\"@id\":\"https:\/\/opdrasifselimoglu.com\/#website\",\"url\":\"https:\/\/opdrasifselimoglu.com\/\",\"name\":\"Op. Dr. Asif Selimo\u011flu Kulak, Burun, Bo\u011faz, Ba\u015f-Boyun Cerrahisi ve Y\u00fcz Esteti\u011fi\",\"description\":\"Kulak, Burun, Bo\u011faz, Ba\u015f-Boyun Cerrahisi ve Y\u00fcz Esteti\u011fi\",\"publisher\":{\"@id\":\"https:\/\/opdrasifselimoglu.com\/#organization\"},\"potentialAction\":[{\"@type\":\"SearchAction\",\"target\":{\"@type\":\"EntryPoint\",\"urlTemplate\":\"https:\/\/opdrasifselimoglu.com\/?s={search_term_string}\"},\"query-input\":{\"@type\":\"PropertyValueSpecification\",\"valueRequired\":true,\"valueName\":\"search_term_string\"}}],\"inLanguage\":\"tr\"},{\"@type\":\"Organization\",\"@id\":\"https:\/\/opdrasifselimoglu.com\/#organization\",\"name\":\"OP.DR.AS\u0130F SEL\u0130MO\u011eLU\",\"url\":\"https:\/\/opdrasifselimoglu.com\/\",\"logo\":{\"@type\":\"ImageObject\",\"inLanguage\":\"tr\",\"@id\":\"https:\/\/opdrasifselimoglu.com\/#\/schema\/logo\/image\/\",\"url\":\"https:\/\/opdrasifselimoglu.com\/wp-content\/uploads\/2021\/05\/cropped-asif-selimoglu_Calisma-Yuzeyi-1_130x130-1.jpg\",\"contentUrl\":\"https:\/\/opdrasifselimoglu.com\/wp-content\/uploads\/2021\/05\/cropped-asif-selimoglu_Calisma-Yuzeyi-1_130x130-1.jpg\",\"width\":130,\"height\":130,\"caption\":\"OP.DR.AS\u0130F SEL\u0130MO\u011eLU\"},\"image\":{\"@id\":\"https:\/\/opdrasifselimoglu.com\/#\/schema\/logo\/image\/\"},\"sameAs\":[\"https:\/\/www.facebook.com\/drasifselimoglu\/\",\"https:\/\/www.instagram.com\/drselimoglu\/\",\"https:\/\/tr.linkedin.com\/in\/asif-selimo\u011flu-salimov-a822a296\"]}]}<\/script>\n<!-- \/ Yoast SEO plugin. -->","yoast_head_json":{"title":"Blefaroplasti - Op. Dr. AS\u0130F SEL\u0130MO\u011eLU","robots":{"index":"index","follow":"follow","max-snippet":"max-snippet:-1","max-image-preview":"max-image-preview:large","max-video-preview":"max-video-preview:-1"},"canonical":"https:\/\/opdrasifselimoglu.com\/index.php\/blefaroplasti\/","og_locale":"tr_TR","og_type":"article","og_title":"Blefaroplasti - Op. Dr. AS\u0130F SEL\u0130MO\u011eLU","og_description":"G\u00f6z kapa\u011f\u0131 esteti\u011fi ya da blefaroplasti, alt ve \u00fcst g\u00f6z kapaklar\u0131na uygulanan, sarkm\u0131\u015f deri ve fazla kas dokusunun \u00e7\u0131kar\u0131lmas\u0131 ve g\u00f6z \u00e7evresi dokular\u0131n\u0131n gerdirilmesine y\u00f6nelik plastik cerrahi uzman\u0131 taraf\u0131ndan yap\u0131lan cerrahi uygulamalar b\u00fct\u00fcn\u00fcd\u00fcr. Ya\u015f\u0131n ilerlemesi ile birlikte yer \u00e7ekiminin de Read More ...","og_url":"https:\/\/opdrasifselimoglu.com\/index.php\/blefaroplasti\/","og_site_name":"Op. Dr. AS\u0130F SEL\u0130MO\u011eLU","article_publisher":"https:\/\/www.facebook.com\/drasifselimoglu\/","article_modified_time":"2021-02-17T10:16:55+00:00","twitter_card":"summary_large_image","twitter_misc":{"Tahmini okuma s\u00fcresi":"1 dakika"},"schema":{"@context":"https:\/\/schema.org","@graph":[{"@type":"WebPage","@id":"https:\/\/opdrasifselimoglu.com\/index.php\/blefaroplasti\/","url":"https:\/\/opdrasifselimoglu.com\/index.php\/blefaroplasti\/","name":"Blefaroplasti - Op. Dr. AS\u0130F SEL\u0130MO\u011eLU","isPartOf":{"@id":"https:\/\/opdrasifselimoglu.com\/#website"},"datePublished":"2020-12-22T11:55:13+00:00","dateModified":"2021-02-17T10:16:55+00:00","breadcrumb":{"@id":"https:\/\/opdrasifselimoglu.com\/index.php\/blefaroplasti\/#breadcrumb"},"inLanguage":"tr","potentialAction":[{"@type":"ReadAction","target":["https:\/\/opdrasifselimoglu.com\/index.php\/blefaroplasti\/"]}]},{"@type":"BreadcrumbList","@id":"https:\/\/opdrasifselimoglu.com\/index.php\/blefaroplasti\/#breadcrumb","itemListElement":[{"@type":"ListItem","position":1,"name":"Home","item":"https:\/\/opdrasifselimoglu.com\/"},{"@type":"ListItem","position":2,"name":"Blefaroplasti"}]},{"@type":"WebSite","@id":"https:\/\/opdrasifselimoglu.com\/#website","url":"https:\/\/opdrasifselimoglu.com\/","name":"Op. Dr. Asif Selimo\u011flu Kulak, Burun, Bo\u011faz, Ba\u015f-Boyun Cerrahisi ve Y\u00fcz Esteti\u011fi","description":"Kulak, Burun, Bo\u011faz, Ba\u015f-Boyun Cerrahisi ve Y\u00fcz Esteti\u011fi","publisher":{"@id":"https:\/\/opdrasifselimoglu.com\/#organization"},"potentialAction":[{"@type":"SearchAction","target":{"@type":"EntryPoint","urlTemplate":"https:\/\/opdrasifselimoglu.com\/?s={search_term_string}"},"query-input":{"@type":"PropertyValueSpecification","valueRequired":true,"valueName":"search_term_string"}}],"inLanguage":"tr"},{"@type":"Organization","@id":"https:\/\/opdrasifselimoglu.com\/#organization","name":"OP.DR.AS\u0130F SEL\u0130MO\u011eLU","url":"https:\/\/opdrasifselimoglu.com\/","logo":{"@type":"ImageObject","inLanguage":"tr","@id":"https:\/\/opdrasifselimoglu.com\/#\/schema\/logo\/image\/","url":"https:\/\/opdrasifselimoglu.com\/wp-content\/uploads\/2021\/05\/cropped-asif-selimoglu_Calisma-Yuzeyi-1_130x130-1.jpg","contentUrl":"https:\/\/opdrasifselimoglu.com\/wp-content\/uploads\/2021\/05\/cropped-asif-selimoglu_Calisma-Yuzeyi-1_130x130-1.jpg","width":130,"height":130,"caption":"OP.DR.AS\u0130F SEL\u0130MO\u011eLU"},"image":{"@id":"https:\/\/opdrasifselimoglu.com\/#\/schema\/logo\/image\/"},"sameAs":["https:\/\/www.facebook.com\/drasifselimoglu\/","https:\/\/www.instagram.com\/drselimoglu\/","https:\/\/tr.linkedin.com\/in\/asif-selimo\u011flu-salimov-a822a296"]}]}},"_links":{"self":[{"href":"https:\/\/opdrasifselimoglu.com\/index.php\/wp-json\/wp\/v2\/pages\/208","targetHints":{"allow":["GET"]}}],"collection":[{"href":"https:\/\/opdrasifselimoglu.com\/index.php\/wp-json\/wp\/v2\/pages"}],"about":[{"href":"https:\/\/opdrasifselimoglu.com\/index.php\/wp-json\/wp\/v2\/types\/page"}],"author":[{"embeddable":true,"href":"https:\/\/opdrasifselimoglu.com\/index.php\/wp-json\/wp\/v2\/users\/1"}],"replies":[{"embeddable":true,"href":"https:\/\/opdrasifselimoglu.com\/index.php\/wp-json\/wp\/v2\/comments?post=208"}],"version-history":[{"count":2,"href":"https:\/\/opdrasifselimoglu.com\/index.php\/wp-json\/wp\/v2\/pages\/208\/revisions"}],"predecessor-version":[{"id":3054,"href":"https:\/\/opdrasifselimoglu.com\/index.php\/wp-json\/wp\/v2\/pages\/208\/revisions\/3054"}],"wp:attachment":[{"href":"https:\/\/opdrasifselimoglu.com\/index.php\/wp-json\/wp\/v2\/media?parent=208"}],"curies":[{"name":"wp","href":"https:\/\/api.w.org\/{rel}","templated":true}]}}