{"id":205,"date":"2020-12-22T11:55:13","date_gmt":"2020-12-22T11:55:13","guid":{"rendered":"https:\/\/opdrasifselimoglu.com\/?page_id=205"},"modified":"2021-07-02T19:29:59","modified_gmt":"2021-07-02T19:29:59","slug":"rinoplasti","status":"publish","type":"page","link":"https:\/\/opdrasifselimoglu.com\/index.php\/rinoplasti\/","title":{"rendered":"Rinoplasti\/Septoplasti\/Septorinoplasti"},"content":{"rendered":"\n<p><strong>Rinoplasti:<\/strong> Burununun d\u0131\u015f \u00e7at\u0131s\u0131n\u0131n yeniden \u015fekillendirilerek yap\u0131ld\u0131\u011f\u0131 estetik burun ameliyat\u0131d\u0131r. A\u00e7\u0131k\/ kapal\u0131\/ delivery metodlarla yap\u0131labilmektedir. Daha geni\u015f g\u00f6r\u00fc\u015f alan\u0131 sa\u011flad\u0131\u011f\u0131 ve cerrahi aletlerimi daha kolay kullanmam\u0131 sa\u011flad\u0131\u011f\u0131 i\u00e7in ameliyatlar\u0131mda genellikle a\u00e7\u0131k y\u00f6ntemi tercih ediyorum.<\/p>\n\n\n\n<p><strong>Septoplasti:<\/strong> Burnun&nbsp;i\u00e7 iskeletinde (Temel olaram septum (orta \u00e7eper) ve konkalardan (burun etleri) olu\u015fmaktad\u0131r.) olan deformitelere ba\u011fl\u0131 hastan\u0131n rahat nefes almas\u0131n\u0131 engelleyen durumlarda bir fonksiyonel cerrahi olan Septoplasti ameliyat\u0131 uygulanmaktad\u0131r. Bu ameliyatta burnun d\u0131\u015f \u00e7at\u0131s\u0131 (\u015fekli) de\u011fi\u015fmemekte olup sadece i\u00e7indeki e\u011frilikler d\u00fczeltilmekte&nbsp;ve konkalara da gerekirse k\u00fc\u00e7\u00fcltme uygulanmaktad\u0131r.<\/p>\n\n\n\n<p><strong>Septorinoplasti:<\/strong> Burnun&nbsp;hem i\u00e7 iskeletine hem de d\u0131\u015f iskeletine midahale edilen ameliyatt\u0131r. Hasta rahat nefes alam\u0131yor ve ayn\u0131 zamanda da burun \u015feklinden memnun de\u011filse bu ameliyat uygulanmaktad\u0131r.<\/p>\n\n\n\n<p>Ankara Burun Esteti\u011fi, Ankara Rinoplasti, 2021 Burun Esteti\u011fi Fiyatlar\u0131, Fonksiyonel Burun Esteti\u011fi, Ankara Burun Esteti\u011fi konusunda sorular\u0131n\u0131z\u0131 bizi arayarak sorabilirsiniz. Burun y\u00fcz\u00fcm\u00fcz\u00fcn ortas\u0131nda yerle\u015fen koku ve nefes almada sorumlu, bir duyu organ\u0131m\u0131zd\u0131r. Y\u00fcze ilk bak\u0131ld\u0131\u011f\u0131nda, g\u00f6zlerin g\u00f6ze \u00e7arpmas\u0131 gerekirken burun deformitelerinde burun ilk g\u00f6ze \u00e7arpan b\u00f6lge olmaktad\u0131r. G\u00fcn\u00fcm\u00fczde estetik ameliyatlar i\u00e7erisinde en s\u0131k yap\u0131lan ameliyatlardan biri de burun esteti\u011fidir. Burun esteti\u011fi ameliyat\u0131 bir\u00e7ok farkl\u0131 teknikle yap\u0131labilmektedir: A\u00e7\u0131k burun esteti\u011fi, kapal\u0131 burun esteti\u011fi, ultrasonik burun esteti\u011fi (piezzo burun esteti\u011fi), preservation rinoplasti bunlar aras\u0131nda pop\u00fcler olanlard\u0131r. Burada cerrah\u0131n uygulamada tecr\u00fcbeli oldu\u011fu y\u00f6ntemi hasta ile de konu\u015farak ortak karar vermesi ve hastan\u0131n y\u00fcz\u00fcne en \u00e7ok yak\u0131\u015fan ve nefes almas\u0131n\u0131 da rahatlatan bir burna sahip olmas\u0131n\u0131 sa\u011flayacak ameliyat planlanmal\u0131d\u0131r. Ankara burun esteti\u011fi fiyatlar\u0131 burnun yap\u0131s\u0131, cilt kalitesi, yap\u0131lacak i\u015flemlerin teknik zorlu\u011funa g\u00f6re belirlenmektedir. Ankara burun esteti\u011fi isteyen hastalar\u0131m\u0131za ameliyat \u00f6ncesinde sim\u00fclat\u00f6rle burun dizayn\u0131 yap\u0131larak hastan\u0131n istekleri de\u011ferlendirilip, ameliyat ona g\u00f6re planlanmaktad\u0131r. Ba\u015far\u0131s\u0131z ameliyatlardan sonra hastalar birden \u00e7ok kez tekrar burun ameliyat\u0131 ge\u00e7irmek zorunda kalabilmektedirler. Ankara revizyon burun esteti\u011fi ameliyatlar\u0131nda burun i\u00e7erisinde k\u0131k\u0131rdak e\u011fer yeterli d\u00fczeyde kalmad\u0131ysa kulak veya kaburgadan ek k\u0131k\u0131rdak al\u0131nmas\u0131 gerekebilmektedir. Ankara burun esteti\u011fi konusunda ayr\u0131nt\u0131l\u0131 bilgi ve muayene i\u00e7in bizimle ileti\u015fime ge\u00e7ebilirsiniz.<\/p>\n","protected":false},"excerpt":{"rendered":"<p>Rinoplasti: Burununun d\u0131\u015f \u00e7at\u0131s\u0131n\u0131n yeniden \u015fekillendirilerek yap\u0131ld\u0131\u011f\u0131 estetik burun ameliyat\u0131d\u0131r. A\u00e7\u0131k\/ kapal\u0131\/ delivery metodlarla yap\u0131labilmektedir. Daha geni\u015f g\u00f6r\u00fc\u015f alan\u0131 sa\u011flad\u0131\u011f\u0131 ve cerrahi aletlerimi daha kolay kullanmam\u0131 sa\u011flad\u0131\u011f\u0131 i\u00e7in ameliyatlar\u0131mda genellikle a\u00e7\u0131k y\u00f6ntemi tercih ediyorum. Septoplasti: Burnun&nbsp;i\u00e7 iskeletinde (Temel olaram septum <a href=\"https:\/\/opdrasifselimoglu.com\/index.php\/rinoplasti\/\" class=\"read-more\">Read More &#8230;<\/a><\/p>\n","protected":false},"author":1,"featured_media":1297,"parent":0,"menu_order":0,"comment_status":"closed","ping_status":"closed","template":"","meta":{"_joinchat":[],"footnotes":""},"class_list":["post-205","page","type-page","status-publish","has-post-thumbnail","hentry"],"yoast_head":"<!-- This site is optimized with the Yoast SEO plugin v25.3 - https:\/\/yoast.com\/wordpress\/plugins\/seo\/ -->\n<title>Rinoplasti\/Septoplasti\/Septorinoplasti - Op. Dr. AS\u0130F SEL\u0130MO\u011eLU<\/title>\n<meta name=\"description\" content=\"Ankara Burun Esteti\u011fi, Ankara Rinoplasti, 2021 Burun Esteti\u011fi Fiyatlar\u0131, Fonksiyonel Burun Esteti\u011fi, Ankara Revizyon Burun Esteti\u011fi\" \/>\n<meta name=\"robots\" content=\"index, follow, max-snippet:-1, max-image-preview:large, max-video-preview:-1\" \/>\n<link rel=\"canonical\" href=\"https:\/\/opdrasifselimoglu.com\/index.php\/rinoplasti\/\" \/>\n<meta property=\"og:locale\" content=\"tr_TR\" \/>\n<meta property=\"og:type\" content=\"article\" \/>\n<meta property=\"og:title\" content=\"Rinoplasti\/Septoplasti\/Septorinoplasti - Op. Dr. AS\u0130F SEL\u0130MO\u011eLU\" \/>\n<meta property=\"og:description\" content=\"Ankara Burun Esteti\u011fi, Ankara Rinoplasti, 2021 Burun Esteti\u011fi Fiyatlar\u0131, Fonksiyonel Burun Esteti\u011fi, Ankara Revizyon Burun Esteti\u011fi\" \/>\n<meta property=\"og:url\" content=\"https:\/\/opdrasifselimoglu.com\/index.php\/rinoplasti\/\" \/>\n<meta property=\"og:site_name\" content=\"Op. Dr. AS\u0130F SEL\u0130MO\u011eLU\" \/>\n<meta property=\"article:publisher\" content=\"https:\/\/www.facebook.com\/drasifselimoglu\/\" \/>\n<meta property=\"article:modified_time\" content=\"2021-07-02T19:29:59+00:00\" \/>\n<meta property=\"og:image\" content=\"https:\/\/opdrasifselimoglu.com\/wp-content\/uploads\/2021\/02\/Rinoplast_Septoplastik_Septorinoplasti.png\" \/>\n\t<meta property=\"og:image:width\" content=\"1200\" \/>\n\t<meta property=\"og:image:height\" content=\"500\" \/>\n\t<meta property=\"og:image:type\" content=\"image\/png\" \/>\n<meta name=\"twitter:card\" content=\"summary_large_image\" \/>\n<meta name=\"twitter:label1\" content=\"Tahmini okuma s\u00fcresi\" \/>\n\t<meta name=\"twitter:data1\" content=\"2 dakika\" \/>\n<script type=\"application\/ld+json\" class=\"yoast-schema-graph\">{\"@context\":\"https:\/\/schema.org\",\"@graph\":[{\"@type\":\"WebPage\",\"@id\":\"https:\/\/opdrasifselimoglu.com\/index.php\/rinoplasti\/\",\"url\":\"https:\/\/opdrasifselimoglu.com\/index.php\/rinoplasti\/\",\"name\":\"Rinoplasti\/Septoplasti\/Septorinoplasti - Op. Dr. AS\u0130F SEL\u0130MO\u011eLU\",\"isPartOf\":{\"@id\":\"https:\/\/opdrasifselimoglu.com\/#website\"},\"primaryImageOfPage\":{\"@id\":\"https:\/\/opdrasifselimoglu.com\/index.php\/rinoplasti\/#primaryimage\"},\"image\":{\"@id\":\"https:\/\/opdrasifselimoglu.com\/index.php\/rinoplasti\/#primaryimage\"},\"thumbnailUrl\":\"https:\/\/opdrasifselimoglu.com\/wp-content\/uploads\/2021\/02\/Rinoplast_Septoplastik_Septorinoplasti.png\",\"datePublished\":\"2020-12-22T11:55:13+00:00\",\"dateModified\":\"2021-07-02T19:29:59+00:00\",\"description\":\"Ankara Burun Esteti\u011fi, Ankara Rinoplasti, 2021 Burun Esteti\u011fi Fiyatlar\u0131, Fonksiyonel Burun Esteti\u011fi, Ankara Revizyon Burun Esteti\u011fi\",\"breadcrumb\":{\"@id\":\"https:\/\/opdrasifselimoglu.com\/index.php\/rinoplasti\/#breadcrumb\"},\"inLanguage\":\"tr\",\"potentialAction\":[{\"@type\":\"ReadAction\",\"target\":[\"https:\/\/opdrasifselimoglu.com\/index.php\/rinoplasti\/\"]}]},{\"@type\":\"ImageObject\",\"inLanguage\":\"tr\",\"@id\":\"https:\/\/opdrasifselimoglu.com\/index.php\/rinoplasti\/#primaryimage\",\"url\":\"https:\/\/opdrasifselimoglu.com\/wp-content\/uploads\/2021\/02\/Rinoplast_Septoplastik_Septorinoplasti.png\",\"contentUrl\":\"https:\/\/opdrasifselimoglu.com\/wp-content\/uploads\/2021\/02\/Rinoplast_Septoplastik_Septorinoplasti.png\",\"width\":1200,\"height\":500},{\"@type\":\"BreadcrumbList\",\"@id\":\"https:\/\/opdrasifselimoglu.com\/index.php\/rinoplasti\/#breadcrumb\",\"itemListElement\":[{\"@type\":\"ListItem\",\"position\":1,\"name\":\"Home\",\"item\":\"https:\/\/opdrasifselimoglu.com\/\"},{\"@type\":\"ListItem\",\"position\":2,\"name\":\"Rinoplasti\/Septoplasti\/Septorinoplasti\"}]},{\"@type\":\"WebSite\",\"@id\":\"https:\/\/opdrasifselimoglu.com\/#website\",\"url\":\"https:\/\/opdrasifselimoglu.com\/\",\"name\":\"Op. Dr. Asif Selimo\u011flu Kulak, Burun, Bo\u011faz, Ba\u015f-Boyun Cerrahisi ve Y\u00fcz Esteti\u011fi\",\"description\":\"Kulak, Burun, Bo\u011faz, Ba\u015f-Boyun Cerrahisi ve Y\u00fcz Esteti\u011fi\",\"publisher\":{\"@id\":\"https:\/\/opdrasifselimoglu.com\/#organization\"},\"potentialAction\":[{\"@type\":\"SearchAction\",\"target\":{\"@type\":\"EntryPoint\",\"urlTemplate\":\"https:\/\/opdrasifselimoglu.com\/?s={search_term_string}\"},\"query-input\":{\"@type\":\"PropertyValueSpecification\",\"valueRequired\":true,\"valueName\":\"search_term_string\"}}],\"inLanguage\":\"tr\"},{\"@type\":\"Organization\",\"@id\":\"https:\/\/opdrasifselimoglu.com\/#organization\",\"name\":\"OP.DR.AS\u0130F SEL\u0130MO\u011eLU\",\"url\":\"https:\/\/opdrasifselimoglu.com\/\",\"logo\":{\"@type\":\"ImageObject\",\"inLanguage\":\"tr\",\"@id\":\"https:\/\/opdrasifselimoglu.com\/#\/schema\/logo\/image\/\",\"url\":\"https:\/\/opdrasifselimoglu.com\/wp-content\/uploads\/2021\/05\/cropped-asif-selimoglu_Calisma-Yuzeyi-1_130x130-1.jpg\",\"contentUrl\":\"https:\/\/opdrasifselimoglu.com\/wp-content\/uploads\/2021\/05\/cropped-asif-selimoglu_Calisma-Yuzeyi-1_130x130-1.jpg\",\"width\":130,\"height\":130,\"caption\":\"OP.DR.AS\u0130F SEL\u0130MO\u011eLU\"},\"image\":{\"@id\":\"https:\/\/opdrasifselimoglu.com\/#\/schema\/logo\/image\/\"},\"sameAs\":[\"https:\/\/www.facebook.com\/drasifselimoglu\/\",\"https:\/\/www.instagram.com\/drselimoglu\/\",\"https:\/\/tr.linkedin.com\/in\/asif-selimo\u011flu-salimov-a822a296\"]}]}<\/script>\n<!-- \/ Yoast SEO plugin. -->","yoast_head_json":{"title":"Rinoplasti\/Septoplasti\/Septorinoplasti - Op. Dr. AS\u0130F SEL\u0130MO\u011eLU","description":"Ankara Burun Esteti\u011fi, Ankara Rinoplasti, 2021 Burun Esteti\u011fi Fiyatlar\u0131, Fonksiyonel Burun Esteti\u011fi, Ankara Revizyon Burun Esteti\u011fi","robots":{"index":"index","follow":"follow","max-snippet":"max-snippet:-1","max-image-preview":"max-image-preview:large","max-video-preview":"max-video-preview:-1"},"canonical":"https:\/\/opdrasifselimoglu.com\/index.php\/rinoplasti\/","og_locale":"tr_TR","og_type":"article","og_title":"Rinoplasti\/Septoplasti\/Septorinoplasti - Op. Dr. AS\u0130F SEL\u0130MO\u011eLU","og_description":"Ankara Burun Esteti\u011fi, Ankara Rinoplasti, 2021 Burun Esteti\u011fi Fiyatlar\u0131, Fonksiyonel Burun Esteti\u011fi, Ankara Revizyon Burun Esteti\u011fi","og_url":"https:\/\/opdrasifselimoglu.com\/index.php\/rinoplasti\/","og_site_name":"Op. Dr. AS\u0130F SEL\u0130MO\u011eLU","article_publisher":"https:\/\/www.facebook.com\/drasifselimoglu\/","article_modified_time":"2021-07-02T19:29:59+00:00","og_image":[{"width":1200,"height":500,"url":"https:\/\/opdrasifselimoglu.com\/wp-content\/uploads\/2021\/02\/Rinoplast_Septoplastik_Septorinoplasti.png","type":"image\/png"}],"twitter_card":"summary_large_image","twitter_misc":{"Tahmini okuma s\u00fcresi":"2 dakika"},"schema":{"@context":"https:\/\/schema.org","@graph":[{"@type":"WebPage","@id":"https:\/\/opdrasifselimoglu.com\/index.php\/rinoplasti\/","url":"https:\/\/opdrasifselimoglu.com\/index.php\/rinoplasti\/","name":"Rinoplasti\/Septoplasti\/Septorinoplasti - Op. Dr. AS\u0130F SEL\u0130MO\u011eLU","isPartOf":{"@id":"https:\/\/opdrasifselimoglu.com\/#website"},"primaryImageOfPage":{"@id":"https:\/\/opdrasifselimoglu.com\/index.php\/rinoplasti\/#primaryimage"},"image":{"@id":"https:\/\/opdrasifselimoglu.com\/index.php\/rinoplasti\/#primaryimage"},"thumbnailUrl":"https:\/\/opdrasifselimoglu.com\/wp-content\/uploads\/2021\/02\/Rinoplast_Septoplastik_Septorinoplasti.png","datePublished":"2020-12-22T11:55:13+00:00","dateModified":"2021-07-02T19:29:59+00:00","description":"Ankara Burun Esteti\u011fi, Ankara Rinoplasti, 2021 Burun Esteti\u011fi Fiyatlar\u0131, Fonksiyonel Burun Esteti\u011fi, Ankara Revizyon Burun Esteti\u011fi","breadcrumb":{"@id":"https:\/\/opdrasifselimoglu.com\/index.php\/rinoplasti\/#breadcrumb"},"inLanguage":"tr","potentialAction":[{"@type":"ReadAction","target":["https:\/\/opdrasifselimoglu.com\/index.php\/rinoplasti\/"]}]},{"@type":"ImageObject","inLanguage":"tr","@id":"https:\/\/opdrasifselimoglu.com\/index.php\/rinoplasti\/#primaryimage","url":"https:\/\/opdrasifselimoglu.com\/wp-content\/uploads\/2021\/02\/Rinoplast_Septoplastik_Septorinoplasti.png","contentUrl":"https:\/\/opdrasifselimoglu.com\/wp-content\/uploads\/2021\/02\/Rinoplast_Septoplastik_Septorinoplasti.png","width":1200,"height":500},{"@type":"BreadcrumbList","@id":"https:\/\/opdrasifselimoglu.com\/index.php\/rinoplasti\/#breadcrumb","itemListElement":[{"@type":"ListItem","position":1,"name":"Home","item":"https:\/\/opdrasifselimoglu.com\/"},{"@type":"ListItem","position":2,"name":"Rinoplasti\/Septoplasti\/Septorinoplasti"}]},{"@type":"WebSite","@id":"https:\/\/opdrasifselimoglu.com\/#website","url":"https:\/\/opdrasifselimoglu.com\/","name":"Op. Dr. Asif Selimo\u011flu Kulak, Burun, Bo\u011faz, Ba\u015f-Boyun Cerrahisi ve Y\u00fcz Esteti\u011fi","description":"Kulak, Burun, Bo\u011faz, Ba\u015f-Boyun Cerrahisi ve Y\u00fcz Esteti\u011fi","publisher":{"@id":"https:\/\/opdrasifselimoglu.com\/#organization"},"potentialAction":[{"@type":"SearchAction","target":{"@type":"EntryPoint","urlTemplate":"https:\/\/opdrasifselimoglu.com\/?s={search_term_string}"},"query-input":{"@type":"PropertyValueSpecification","valueRequired":true,"valueName":"search_term_string"}}],"inLanguage":"tr"},{"@type":"Organization","@id":"https:\/\/opdrasifselimoglu.com\/#organization","name":"OP.DR.AS\u0130F SEL\u0130MO\u011eLU","url":"https:\/\/opdrasifselimoglu.com\/","logo":{"@type":"ImageObject","inLanguage":"tr","@id":"https:\/\/opdrasifselimoglu.com\/#\/schema\/logo\/image\/","url":"https:\/\/opdrasifselimoglu.com\/wp-content\/uploads\/2021\/05\/cropped-asif-selimoglu_Calisma-Yuzeyi-1_130x130-1.jpg","contentUrl":"https:\/\/opdrasifselimoglu.com\/wp-content\/uploads\/2021\/05\/cropped-asif-selimoglu_Calisma-Yuzeyi-1_130x130-1.jpg","width":130,"height":130,"caption":"OP.DR.AS\u0130F SEL\u0130MO\u011eLU"},"image":{"@id":"https:\/\/opdrasifselimoglu.com\/#\/schema\/logo\/image\/"},"sameAs":["https:\/\/www.facebook.com\/drasifselimoglu\/","https:\/\/www.instagram.com\/drselimoglu\/","https:\/\/tr.linkedin.com\/in\/asif-selimo\u011flu-salimov-a822a296"]}]}},"_links":{"self":[{"href":"https:\/\/opdrasifselimoglu.com\/index.php\/wp-json\/wp\/v2\/pages\/205","targetHints":{"allow":["GET"]}}],"collection":[{"href":"https:\/\/opdrasifselimoglu.com\/index.php\/wp-json\/wp\/v2\/pages"}],"about":[{"href":"https:\/\/opdrasifselimoglu.com\/index.php\/wp-json\/wp\/v2\/types\/page"}],"author":[{"embeddable":true,"href":"https:\/\/opdrasifselimoglu.com\/index.php\/wp-json\/wp\/v2\/users\/1"}],"replies":[{"embeddable":true,"href":"https:\/\/opdrasifselimoglu.com\/index.php\/wp-json\/wp\/v2\/comments?post=205"}],"version-history":[{"count":9,"href":"https:\/\/opdrasifselimoglu.com\/index.php\/wp-json\/wp\/v2\/pages\/205\/revisions"}],"predecessor-version":[{"id":3190,"href":"https:\/\/opdrasifselimoglu.com\/index.php\/wp-json\/wp\/v2\/pages\/205\/revisions\/3190"}],"wp:featuredmedia":[{"embeddable":true,"href":"https:\/\/opdrasifselimoglu.com\/index.php\/wp-json\/wp\/v2\/media\/1297"}],"wp:attachment":[{"href":"https:\/\/opdrasifselimoglu.com\/index.php\/wp-json\/wp\/v2\/media?parent=205"}],"curies":[{"name":"wp","href":"https:\/\/api.w.org\/{rel}","templated":true}]}}