{"id":1254,"date":"2021-01-31T22:04:32","date_gmt":"2021-01-31T22:04:32","guid":{"rendered":"https:\/\/opdrasifselimoglu.com\/?page_id=1254"},"modified":"2021-03-10T17:08:56","modified_gmt":"2021-03-10T17:08:56","slug":"lip-lift","status":"publish","type":"page","link":"https:\/\/opdrasifselimoglu.com\/index.php\/lip-lift\/","title":{"rendered":"Lip Lift"},"content":{"rendered":"<p>Lip Lift ameliyat\u0131 \u00fcst duda\u011f\u0131 hedefleyen ve ki\u015finin g\u00fcl\u00fcmsemesinin ortaya \u00e7\u0131kmas\u0131n\u0131 sa\u011flayan ayn\u0131 zamanda dudaklar\u0131n hacimli ve dolgun g\u00f6r\u00fcnmesini de sa\u011flayan bir operasyon \u015feklidir. Lip Lift ile \u00fcst duda\u011f\u0131 ince olan ki\u015filerde alt dudak ile beraber estetik g\u00f6r\u00fcnt\u00fc elde edilmekte ve hacim olarak art\u0131\u015f sa\u011flanmaktad\u0131r.<\/p>\n<p>Lip Lift operasyonu uygulamas\u0131 son derece konforludur. Lip Lift ameliyat\u0131nda burun ile \u00fcst dudak aras\u0131ndaki uzunluk cilt ve doku \u015feridi al\u0131narak \u00e7\u0131kart\u0131l\u0131r ve mesafe k\u0131salt\u0131l\u0131r. Fazla cilt \u00e7\u0131kart\u0131ld\u0131ktan sonra kesi b\u00f6l\u00fcm\u00fc birle\u015ftirme yap\u0131larak dikilir. Kesi b\u00f6l\u00fcm\u00fc katlar halinde kapat\u0131l\u0131r ve duda\u011f\u0131n yeterli kuvvet sa\u011flamas\u0131 i\u00e7in gerekli diki\u015fler cilt alt\u0131na yerle\u015ftirilir. Derin diki\u015flerin cilt alt\u0131na yerle\u015ftirme i\u015fleminden sonra cilt kenarlar\u0131 titiz bir \u00e7al\u0131\u015fmayla hizalan\u0131r ve kesi m\u00fcmk\u00fcn oldu\u011funca az g\u00f6r\u00fcn\u00fcr hale getirilir. Lip Lift ile Cupid yay\u0131 (\u00fcst dudakta bulunan iki tepe noktas\u0131) yeniden \u015fekillendirilerek, dudak \u00fcst\u00fc k\u0131sm\u0131 ile burun alt\u0131 mesafeyi yeniden tan\u0131mlar. Bir\u00e7ok estetik cerrah bu alan\u0131n ideal \u00f6l\u00e7\u00fcs\u00fcn\u00fcn 12 ile 15 mm aras\u0131nda oldu\u011funu d\u00fc\u015f\u00fcnmektedir. Lip lift ile bu b\u00f6l\u00fcmdeki kaslar s\u0131k\u0131\u015ft\u0131r\u0131larak \u00fcst dudak yeniden \u015fekillendirilir. \u015eekillendirme prosed\u00fcr\u00fc ortalama 1 saat s\u00fcrmekte ve iyile\u015fme s\u00fcresi yakla\u015f\u0131k 5-7 g\u00fcn aras\u0131nda de\u011fi\u015fmektedir.<\/p>\n","protected":false},"excerpt":{"rendered":"<p>Lip Lift ameliyat\u0131 \u00fcst duda\u011f\u0131 hedefleyen ve ki\u015finin g\u00fcl\u00fcmsemesinin ortaya \u00e7\u0131kmas\u0131n\u0131 sa\u011flayan ayn\u0131 zamanda dudaklar\u0131n hacimli ve dolgun g\u00f6r\u00fcnmesini de sa\u011flayan bir operasyon \u015feklidir. Lip Lift ile \u00fcst duda\u011f\u0131 ince olan ki\u015filerde alt dudak ile beraber estetik g\u00f6r\u00fcnt\u00fc elde edilmekte <a href=\"https:\/\/opdrasifselimoglu.com\/index.php\/lip-lift\/\" class=\"read-more\">Read More &#8230;<\/a><\/p>\n","protected":false},"author":1,"featured_media":0,"parent":0,"menu_order":0,"comment_status":"closed","ping_status":"closed","template":"","meta":{"_joinchat":[],"footnotes":""},"class_list":["post-1254","page","type-page","status-publish","hentry"],"yoast_head":"<!-- This site is optimized with the Yoast SEO plugin v25.3 - https:\/\/yoast.com\/wordpress\/plugins\/seo\/ -->\n<title>Lip Lift - Op. Dr. AS\u0130F SEL\u0130MO\u011eLU<\/title>\n<meta name=\"robots\" content=\"index, follow, max-snippet:-1, max-image-preview:large, max-video-preview:-1\" \/>\n<link rel=\"canonical\" href=\"https:\/\/opdrasifselimoglu.com\/index.php\/lip-lift\/\" \/>\n<meta property=\"og:locale\" content=\"tr_TR\" \/>\n<meta property=\"og:type\" content=\"article\" \/>\n<meta property=\"og:title\" content=\"Lip Lift - Op. Dr. AS\u0130F SEL\u0130MO\u011eLU\" \/>\n<meta property=\"og:description\" content=\"Lip Lift ameliyat\u0131 \u00fcst duda\u011f\u0131 hedefleyen ve ki\u015finin g\u00fcl\u00fcmsemesinin ortaya \u00e7\u0131kmas\u0131n\u0131 sa\u011flayan ayn\u0131 zamanda dudaklar\u0131n hacimli ve dolgun g\u00f6r\u00fcnmesini de sa\u011flayan bir operasyon \u015feklidir. Lip Lift ile \u00fcst duda\u011f\u0131 ince olan ki\u015filerde alt dudak ile beraber estetik g\u00f6r\u00fcnt\u00fc elde edilmekte Read More ...\" \/>\n<meta property=\"og:url\" content=\"https:\/\/opdrasifselimoglu.com\/index.php\/lip-lift\/\" \/>\n<meta property=\"og:site_name\" content=\"Op. Dr. AS\u0130F SEL\u0130MO\u011eLU\" \/>\n<meta property=\"article:publisher\" content=\"https:\/\/www.facebook.com\/drasifselimoglu\/\" \/>\n<meta property=\"article:modified_time\" content=\"2021-03-10T17:08:56+00:00\" \/>\n<meta name=\"twitter:card\" content=\"summary_large_image\" \/>\n<meta name=\"twitter:label1\" content=\"Tahmini okuma s\u00fcresi\" \/>\n\t<meta name=\"twitter:data1\" content=\"1 dakika\" \/>\n<script type=\"application\/ld+json\" class=\"yoast-schema-graph\">{\"@context\":\"https:\/\/schema.org\",\"@graph\":[{\"@type\":\"WebPage\",\"@id\":\"https:\/\/opdrasifselimoglu.com\/index.php\/lip-lift\/\",\"url\":\"https:\/\/opdrasifselimoglu.com\/index.php\/lip-lift\/\",\"name\":\"Lip Lift - Op. Dr. AS\u0130F SEL\u0130MO\u011eLU\",\"isPartOf\":{\"@id\":\"https:\/\/opdrasifselimoglu.com\/#website\"},\"datePublished\":\"2021-01-31T22:04:32+00:00\",\"dateModified\":\"2021-03-10T17:08:56+00:00\",\"breadcrumb\":{\"@id\":\"https:\/\/opdrasifselimoglu.com\/index.php\/lip-lift\/#breadcrumb\"},\"inLanguage\":\"tr\",\"potentialAction\":[{\"@type\":\"ReadAction\",\"target\":[\"https:\/\/opdrasifselimoglu.com\/index.php\/lip-lift\/\"]}]},{\"@type\":\"BreadcrumbList\",\"@id\":\"https:\/\/opdrasifselimoglu.com\/index.php\/lip-lift\/#breadcrumb\",\"itemListElement\":[{\"@type\":\"ListItem\",\"position\":1,\"name\":\"Home\",\"item\":\"https:\/\/opdrasifselimoglu.com\/\"},{\"@type\":\"ListItem\",\"position\":2,\"name\":\"Lip Lift\"}]},{\"@type\":\"WebSite\",\"@id\":\"https:\/\/opdrasifselimoglu.com\/#website\",\"url\":\"https:\/\/opdrasifselimoglu.com\/\",\"name\":\"Op. Dr. Asif Selimo\u011flu Kulak, Burun, Bo\u011faz, Ba\u015f-Boyun Cerrahisi ve Y\u00fcz Esteti\u011fi\",\"description\":\"Kulak, Burun, Bo\u011faz, Ba\u015f-Boyun Cerrahisi ve Y\u00fcz Esteti\u011fi\",\"publisher\":{\"@id\":\"https:\/\/opdrasifselimoglu.com\/#organization\"},\"potentialAction\":[{\"@type\":\"SearchAction\",\"target\":{\"@type\":\"EntryPoint\",\"urlTemplate\":\"https:\/\/opdrasifselimoglu.com\/?s={search_term_string}\"},\"query-input\":{\"@type\":\"PropertyValueSpecification\",\"valueRequired\":true,\"valueName\":\"search_term_string\"}}],\"inLanguage\":\"tr\"},{\"@type\":\"Organization\",\"@id\":\"https:\/\/opdrasifselimoglu.com\/#organization\",\"name\":\"OP.DR.AS\u0130F SEL\u0130MO\u011eLU\",\"url\":\"https:\/\/opdrasifselimoglu.com\/\",\"logo\":{\"@type\":\"ImageObject\",\"inLanguage\":\"tr\",\"@id\":\"https:\/\/opdrasifselimoglu.com\/#\/schema\/logo\/image\/\",\"url\":\"https:\/\/opdrasifselimoglu.com\/wp-content\/uploads\/2021\/05\/cropped-asif-selimoglu_Calisma-Yuzeyi-1_130x130-1.jpg\",\"contentUrl\":\"https:\/\/opdrasifselimoglu.com\/wp-content\/uploads\/2021\/05\/cropped-asif-selimoglu_Calisma-Yuzeyi-1_130x130-1.jpg\",\"width\":130,\"height\":130,\"caption\":\"OP.DR.AS\u0130F SEL\u0130MO\u011eLU\"},\"image\":{\"@id\":\"https:\/\/opdrasifselimoglu.com\/#\/schema\/logo\/image\/\"},\"sameAs\":[\"https:\/\/www.facebook.com\/drasifselimoglu\/\",\"https:\/\/www.instagram.com\/drselimoglu\/\",\"https:\/\/tr.linkedin.com\/in\/asif-selimo\u011flu-salimov-a822a296\"]}]}<\/script>\n<!-- \/ Yoast SEO plugin. -->","yoast_head_json":{"title":"Lip Lift - Op. Dr. AS\u0130F SEL\u0130MO\u011eLU","robots":{"index":"index","follow":"follow","max-snippet":"max-snippet:-1","max-image-preview":"max-image-preview:large","max-video-preview":"max-video-preview:-1"},"canonical":"https:\/\/opdrasifselimoglu.com\/index.php\/lip-lift\/","og_locale":"tr_TR","og_type":"article","og_title":"Lip Lift - Op. Dr. AS\u0130F SEL\u0130MO\u011eLU","og_description":"Lip Lift ameliyat\u0131 \u00fcst duda\u011f\u0131 hedefleyen ve ki\u015finin g\u00fcl\u00fcmsemesinin ortaya \u00e7\u0131kmas\u0131n\u0131 sa\u011flayan ayn\u0131 zamanda dudaklar\u0131n hacimli ve dolgun g\u00f6r\u00fcnmesini de sa\u011flayan bir operasyon \u015feklidir. Lip Lift ile \u00fcst duda\u011f\u0131 ince olan ki\u015filerde alt dudak ile beraber estetik g\u00f6r\u00fcnt\u00fc elde edilmekte Read More ...","og_url":"https:\/\/opdrasifselimoglu.com\/index.php\/lip-lift\/","og_site_name":"Op. Dr. AS\u0130F SEL\u0130MO\u011eLU","article_publisher":"https:\/\/www.facebook.com\/drasifselimoglu\/","article_modified_time":"2021-03-10T17:08:56+00:00","twitter_card":"summary_large_image","twitter_misc":{"Tahmini okuma s\u00fcresi":"1 dakika"},"schema":{"@context":"https:\/\/schema.org","@graph":[{"@type":"WebPage","@id":"https:\/\/opdrasifselimoglu.com\/index.php\/lip-lift\/","url":"https:\/\/opdrasifselimoglu.com\/index.php\/lip-lift\/","name":"Lip Lift - Op. Dr. AS\u0130F SEL\u0130MO\u011eLU","isPartOf":{"@id":"https:\/\/opdrasifselimoglu.com\/#website"},"datePublished":"2021-01-31T22:04:32+00:00","dateModified":"2021-03-10T17:08:56+00:00","breadcrumb":{"@id":"https:\/\/opdrasifselimoglu.com\/index.php\/lip-lift\/#breadcrumb"},"inLanguage":"tr","potentialAction":[{"@type":"ReadAction","target":["https:\/\/opdrasifselimoglu.com\/index.php\/lip-lift\/"]}]},{"@type":"BreadcrumbList","@id":"https:\/\/opdrasifselimoglu.com\/index.php\/lip-lift\/#breadcrumb","itemListElement":[{"@type":"ListItem","position":1,"name":"Home","item":"https:\/\/opdrasifselimoglu.com\/"},{"@type":"ListItem","position":2,"name":"Lip Lift"}]},{"@type":"WebSite","@id":"https:\/\/opdrasifselimoglu.com\/#website","url":"https:\/\/opdrasifselimoglu.com\/","name":"Op. Dr. Asif Selimo\u011flu Kulak, Burun, Bo\u011faz, Ba\u015f-Boyun Cerrahisi ve Y\u00fcz Esteti\u011fi","description":"Kulak, Burun, Bo\u011faz, Ba\u015f-Boyun Cerrahisi ve Y\u00fcz Esteti\u011fi","publisher":{"@id":"https:\/\/opdrasifselimoglu.com\/#organization"},"potentialAction":[{"@type":"SearchAction","target":{"@type":"EntryPoint","urlTemplate":"https:\/\/opdrasifselimoglu.com\/?s={search_term_string}"},"query-input":{"@type":"PropertyValueSpecification","valueRequired":true,"valueName":"search_term_string"}}],"inLanguage":"tr"},{"@type":"Organization","@id":"https:\/\/opdrasifselimoglu.com\/#organization","name":"OP.DR.AS\u0130F SEL\u0130MO\u011eLU","url":"https:\/\/opdrasifselimoglu.com\/","logo":{"@type":"ImageObject","inLanguage":"tr","@id":"https:\/\/opdrasifselimoglu.com\/#\/schema\/logo\/image\/","url":"https:\/\/opdrasifselimoglu.com\/wp-content\/uploads\/2021\/05\/cropped-asif-selimoglu_Calisma-Yuzeyi-1_130x130-1.jpg","contentUrl":"https:\/\/opdrasifselimoglu.com\/wp-content\/uploads\/2021\/05\/cropped-asif-selimoglu_Calisma-Yuzeyi-1_130x130-1.jpg","width":130,"height":130,"caption":"OP.DR.AS\u0130F SEL\u0130MO\u011eLU"},"image":{"@id":"https:\/\/opdrasifselimoglu.com\/#\/schema\/logo\/image\/"},"sameAs":["https:\/\/www.facebook.com\/drasifselimoglu\/","https:\/\/www.instagram.com\/drselimoglu\/","https:\/\/tr.linkedin.com\/in\/asif-selimo\u011flu-salimov-a822a296"]}]}},"_links":{"self":[{"href":"https:\/\/opdrasifselimoglu.com\/index.php\/wp-json\/wp\/v2\/pages\/1254","targetHints":{"allow":["GET"]}}],"collection":[{"href":"https:\/\/opdrasifselimoglu.com\/index.php\/wp-json\/wp\/v2\/pages"}],"about":[{"href":"https:\/\/opdrasifselimoglu.com\/index.php\/wp-json\/wp\/v2\/types\/page"}],"author":[{"embeddable":true,"href":"https:\/\/opdrasifselimoglu.com\/index.php\/wp-json\/wp\/v2\/users\/1"}],"replies":[{"embeddable":true,"href":"https:\/\/opdrasifselimoglu.com\/index.php\/wp-json\/wp\/v2\/comments?post=1254"}],"version-history":[{"count":2,"href":"https:\/\/opdrasifselimoglu.com\/index.php\/wp-json\/wp\/v2\/pages\/1254\/revisions"}],"predecessor-version":[{"id":3064,"href":"https:\/\/opdrasifselimoglu.com\/index.php\/wp-json\/wp\/v2\/pages\/1254\/revisions\/3064"}],"wp:attachment":[{"href":"https:\/\/opdrasifselimoglu.com\/index.php\/wp-json\/wp\/v2\/media?parent=1254"}],"curies":[{"name":"wp","href":"https:\/\/api.w.org\/{rel}","templated":true}]}}